 remainder when 4143 is divided by 4.
3
Calculate the remainder when 83749 is divided by 297.
292
Calculate the remainder when 5475392 is divided by 7.
6
What is the remainder when 951 is divided by 874?
77
Calculate the remainder when 53664 is divided by 353.
8
Calculate the remainder when 12444 is divided by 12425.
19
What is the remainder when 135354 is divided by 160?
154
Calculate the remainder when 35953 is divided by 222.
211
Calculate the remainder when 333 is divided by 333.
0
Calculate the remainder when 2044 is divided by 223.
37
Calculate the remainder when 14537 is divided by 851.
70
Calculate the remainder when 5115 is divided by 843.
57
What is the remainder when 1134802 is divided by 66?
64
Calculate the remainder when 141295 is divided by 31.
28
Calculate the remainder when 36108 is divided by 1338.
1320
Calculate the remainder when 43297 is divided by 330.
67
Calculate the remainder when 2906 is divided by 113.
81
What is the remainder when 103145 is divided by 358?
41
Calculate the remainder when 24087 is divided by 1091.
85
Calculate the remainder when 167327 is divided by 145.
142
Calculate the remainder when 289515 is divided by 4077.
48
What is the remainder when 4648035 is divided by 17?
14
What is the remainder when 1994 is divided by 1983?
11
Calculate the remainder when 14716 is divided by 509.
464
Calculate the remainder when 45483 is divided by 47.
34
What is the remainder when 122926 is divided by 19?
15
Calculate the remainder when 11067 is divided by 546.
147
Calculate the remainder when 9359 is divided by 11.
9
What is the remainder when 80292 is divided by 53?
50
Calculate the remainder when 7883 is divided by 7881.
2
What is the remainder when 10754 is divided by 894?
26
What is the remainder when 5292059 is divided by 73?
70
Calculate the remainder when 186 is divided by 119.
67
What is the remainder when 8040 is divided by 1018?
914
What is the remainder when 5179 is divided by 1618?
325
What is the remainder when 24814 is divided by 94?
92
Calculate the remainder when 9656 is divided by 878.
876
Calculate the remainder when 2863 is divided by 705.
43
Calculate the remainder when 1916 is divided by 83.
7
Calculate the remainder when 9287 is divided by 3010.
257
What is the remainder when 4546 is divided by 50?
46
What is the remainder when 85623 is divided by 1206?
1203
What is the remainder when 41567 is divided by 2185?
52
What is the remainder when 16783 is divided by 163?
157
What is the remainder when 2976 is divided by 135?
6
Calculate the remainder when 1940 is divided by 302.
128
Calculate the remainder when 108994 is divided by 54487.
20
Calculate the remainder when 952286 is divided by 139.
136
What is the remainder when 7919 is divided by 1576?
39
Calculate the remainder when 51280 is divided by 518.
516
Calculate the remainder when 6081 is divided by 6054.
27
What is the remainder when 187 is divided by 51?
34
Calculate the remainder when 122870 is divided by 3723.
11
Calculate the remainder when 10652 is divided by 9598.
1054
Calculate the remainder when 5976 is divided by 428.
412
Calculate the remainder when 24568 is divided by 14.
12
What is the remainder when 2479948 is divided by 293?
289
Calculate the remainder when 10557 is divided by 75.
57
Calculate the remainder when 31813 is divided by 1223.
15
Calculate the remainder when 38973 is divided by 64.
61
What is the remainder when 4015 is divided by 85?
20
What is the remainder when 3396 is divided by 91?
29
Calculate the remainder when 67661 is divided by 101.
92
What is the remainder when 3384 is divided by 1654?
76
What is the remainder when 60025 is divided by 145?
140
Calculate the remainder when 103261 is divided by 342.
319
Calculate the remainder when 13116 is divided by 434.
96
What is the remainder when 158093 is divided by 2432?
13
Calculate the remainder when 201407 is divided by 7.
3
What is the remainder when 6033 is divided by 434?
391
Calculate the remainder when 3121 is divided by 55.
41
What is the remainder when 546505 is divided by 6506?
1
What is the remainder when 665336 is divided by 85?
41
Calculate the remainder when 83387 is divided by 627.
623
What is the remainder when 42496 is divided by 68?
64
Calculate the remainder when 33441 is divided by 33389.
52
Calculate the remainder when 3095103 is divided by 17.
15
What is the remainder when 283622 is divided by 13?
1
Calculate the remainder when 1026 is divided by 88.
58
What is the remainder when 24124 is divided by 6011?
80
What is the remainder when 22970 is divided by 7655?
5
Calculate the remainder when 457 is divided by 395.
62
What is the remainder when 35647 is divided by 153?
151
Calculate the remainder when 83909 is divided by 80.
69
Calculate the remainder when 547 is divided by 41.
14
Calculate the remainder when 19422 is divided by 19421.
1
Calculate the remainder when 14562 is divided by 150.
12
Calculate the remainder when 77102 is divided by 221.
194
What is the remainder when 1830 is divided by 462?
444
What is the remainder when 141026 is divided by 6?
2
What is the remainder when 4640 is divided by 720?
320
Calculate the remainder when 2167 is divided by 150.
67
Calculate the remainder when 6803 is divided by 189.
188
What is the remainder when 37976 is divided by 1116?
32
What is the remainder when 2009000 is divided by 251?
247
Calculate the remainder when 8070 is divided by 895.
15
Calculate the remainder when 3644 is divided by 449.
52
What is the remainder when 6785 is divided by 1?
0
Calculate the remainder when 20703 is divided by 16.
15
Calculate the remainder when 68800 is divided by 412.
408
What is the remainder when 6507 is divided by 2159?
30
What is the remainder when 300818 is divided by 676?
674
What is the remainder when 34277 is divided by 34151?
126
What is the remainder when 284951 is divided by 73?
32
Calculate the remainder when 5583 is divided by 2272.
1039
What is the remainder when 52373 is divided by 589?
541
Calculate the remainder when 284000 is divided by 84.
80
Calculate the remainder when 8266 is divided by 95.
1
What is the remainder when 6872 is divided by 3413?
46
What is the remainder when 75200 is divided by 37?
16
What is the remainder when 23541 is divided by 1946?
189
Calculate the remainder when 811321 is divided by 124.
113
Calculate the remainder when 15128 is divided by 532.
232
Calculate the remainder when 360369 is divided by 118.
115
What is the remainder when 3855845 is divided by 127?
125
Calculate the remainder when 520104 is divided by 16253.
8
Calculate the remainder when 13678 is divided by 13568.
110
Calculate the remainder when 15725 is divided by 117.
47
Calculate the remainder when 1874521 is divided by 3.
1
What is the remainder when 15453 is divided by 3858?
21
What is the remainder when 27033 is divided by 160?
153
Calculate the remainder when 3892 is divided by 258.
22
What is the remainder when 2478164 is divided by 1512?
1508
Calculate the remainder when 20799 is divided by 485.
429
What is the remainder when 588159 is divided by 2614?
9
What is the remainder when 46164 is divided by 219?
174
Calculate the remainder when 436629 is divided by 150.
129
Calculate the remainder when 223310 is divided by 1227.
1223
What is the remainder when 2180 is divided by 436?
0
What is the remainder when 55133 is divided by 1729?
1534
What is the remainder when 2022 is divided by 678?
666
Calculate the remainder when 5739 is divided by 221.
214
What is the remainder when 59454 is divided by 29723?
8
What is the remainder when 28022 is divided by 3?
2
What is the remainder when 844665 is divided by 422322?
21
What is the remainder when 217936 is divided by 641?
637
Calculate the remainder when 14094 is divided by 141.
135
What is the remainder when 49082 is divided by 24525?
32
Calculate the remainder when 28698 is divided by 34.
2
Calculate the remainder when 622113 is divided by 253.
239
Calculate the remainder when 4196 is divided by 210.
206
What is the remainder when 4915 is divided by 30?
25
Calculate the remainder when 17307 is divided by 3458.
17
What is the remainder when 3306 is divided by 18?
12
What is the remainder when 37144 is divided by 11?
8
What is the remainder when 2340 is divi